{"id":42,"date":"2025-06-02T16:09:55","date_gmt":"2025-06-02T16:09:55","guid":{"rendered":"https:\/\/www.pohjolanpiha.fi\/?page_id=42"},"modified":"2025-06-02T16:09:55","modified_gmt":"2025-06-02T16:09:55","slug":"tietoa-minusta","status":"publish","type":"page","link":"http:\/\/www.pohjolanpiha.fi\/index.php\/tietoa-minusta\/","title":{"rendered":"Tietoa minusta"},"content":{"rendered":"\n<p>Olen toisen polven puutarhasuunnittelija. Isois\u00e4ni perusti taimitarhan Keski-Suomeen 1900-luvun alussa ja siit\u00e4 kasvoi yksi maamme suurimpia taimistoja, jota johdetaan jo kolmannessa polvessa. Oma is\u00e4ni ty\u00f6skenteli l\u00e4heisesti veljens\u00e4 taimiston parissa, m\u00f6i taimia ja suunnitteli lukemattomia pihoja. Olen kasvanut perheyrityksess\u00e4, jossa yhdess\u00e4 istutimme taimia, m\u00f6imme niit\u00e4, hoidin nuorena jopa puutarhamyym\u00e4l\u00e4\u00e4 ja luonnollisesti olin kuulolla lukemattomia kertoja, kun is\u00e4ni antoi ohjeita asiakkailleen pihan hoitoon liittyen. <\/p>\n\n\n\n<p>Jatkan t\u00e4t\u00e4 perint\u00f6\u00e4, jossa ymp\u00e4rist\u00f6\u00e4 suunnitellaan aina olosuhteet ja ymp\u00e4rist\u00f6 huomioiden. Arvostan luonnon moninaisuutta ja suunnittelen aina pihat siten, ett\u00e4 v\u00e4lt\u00e4mme torjunta-aineiden k\u00e4yt\u00f6n tai mikromuoveja tuottavat materiaalit. <\/p>\n\n\n\n<p>Koulutukseltani olen mets\u00e4tieteiden maisteri ja pohjaan suunnittelun pitk\u00e4\u00e4n kokemukseen puutarhojen hoidon ja istutusten parissa. <\/p>\n\n\n\n<p>Ota yhteytt\u00e4!<\/p>\n\n\n\n<figure class=\"wp-block-image size-full\"><img loading=\"lazy\" decoding=\"async\" width=\"465\" height=\"396\" src=\"http:\/\/www.pohjolanpiha.fi\/wp-content\/uploads\/2025\/06\/Virpi.jpg\" alt=\"\" class=\"wp-image-44\" srcset=\"http:\/\/www.pohjolanpiha.fi\/wp-content\/uploads\/2025\/06\/Virpi.jpg 465w, http:\/\/www.pohjolanpiha.fi\/wp-content\/uploads\/2025\/06\/Virpi-300x255.jpg 300w, http:\/\/www.pohjolanpiha.fi\/wp-content\/uploads\/2025\/06\/Virpi-70x60.jpg 70w\" sizes=\"auto, (max-width: 465px) 100vw, 465px\" \/><\/figure>\n\n\n\n<p>Puhelin: 0405816616<\/p>\n\n\n\n<p>S-posti: virpi@pohjolanpiha.fi<\/p>\n\n\n\n<p><\/p>\n","protected":false},"excerpt":{"rendered":"<p>Olen toisen polven puutarhasuunnittelija. Isois\u00e4ni perusti taimitarhan Keski-Suomeen 1900-luvun alussa ja siit\u00e4 kasvoi yksi maamme suurimpia taimistoja, jota johdetaan jo kolmannessa polvessa. Oma is\u00e4ni ty\u00f6skenteli l\u00e4heisesti veljens\u00e4 taimiston parissa, m\u00f6i taimia ja suunnitteli lukemattomia pihoja. Olen kasvanut perheyrityksess\u00e4, jossa yhdess\u00e4 istutimme taimia, m\u00f6imme niit\u00e4, hoidin nuorena jopa puutarhamyym\u00e4l\u00e4\u00e4 ja luonnollisesti olin kuulolla lukemattomia kertoja, kun &hellip; <\/p>\n","protected":false},"author":1,"featured_media":0,"parent":0,"menu_order":0,"comment_status":"closed","ping_status":"closed","template":"","meta":{"footnotes":""},"class_list":["post-42","page","type-page","status-publish","hentry"],"_links":{"self":[{"href":"http:\/\/www.pohjolanpiha.fi\/index.php\/wp-json\/wp\/v2\/pages\/42","targetHints":{"allow":["GET"]}}],"collection":[{"href":"http:\/\/www.pohjolanpiha.fi\/index.php\/wp-json\/wp\/v2\/pages"}],"about":[{"href":"http:\/\/www.pohjolanpiha.fi\/index.php\/wp-json\/wp\/v2\/types\/page"}],"author":[{"embeddable":true,"href":"http:\/\/www.pohjolanpiha.fi\/index.php\/wp-json\/wp\/v2\/users\/1"}],"replies":[{"embeddable":true,"href":"http:\/\/www.pohjolanpiha.fi\/index.php\/wp-json\/wp\/v2\/comments?post=42"}],"version-history":[{"count":1,"href":"http:\/\/www.pohjolanpiha.fi\/index.php\/wp-json\/wp\/v2\/pages\/42\/revisions"}],"predecessor-version":[{"id":45,"href":"http:\/\/www.pohjolanpiha.fi\/index.php\/wp-json\/wp\/v2\/pages\/42\/revisions\/45"}],"wp:attachment":[{"href":"http:\/\/www.pohjolanpiha.fi\/index.php\/wp-json\/wp\/v2\/media?parent=42"}],"curies":[{"name":"wp","href":"https:\/\/api.w.org\/{rel}","templated":true}]}}

<p>Olen toisen polven puutarhasuunnittelija. Isoisäni perusti taimitarhan Keski-Suomeen 1900-luvun alussa ja siitä kasvoi yksi maamme suurimpia taimistoja, jota johdetaan jo kolmannessa polvessa. Oma isäni työskenteli läheisesti veljensä taimiston parissa, möi taimia ja suunnitteli lukemattomia pihoja. Olen kasvanut perheyrityksessä, jossa yhdessä istutimme taimia, möimme niitä, hoidin nuorena jopa puutarhamyymälää ja luonnollisesti olin kuulolla lukemattomia kertoja, kun isäni antoi ohjeita asiakkailleen pihan hoitoon liittyen. </p>



<p>Jatkan tätä perintöä, jossa ympäristöä suunnitellaan aina olosuhteet ja ympäristö huomioiden. Arvostan luonnon moninaisuutta ja suunnittelen aina pihat siten, että vältämme torjunta-aineiden käytön tai mikromuoveja tuottavat materiaalit. </p>



<p>Koulutukseltani olen metsätieteiden maisteri ja pohjaan suunnittelun pitkään kokemukseen puutarhojen hoidon ja istutusten parissa. </p>



<p>Ota yhteyttä!</p>



<figure class="wp-block-image size-full"><img loading="lazy" decoding="async" width="465" height="396" src="http://www.pohjolanpiha.fi/wp-content/uploads/2025/06/Virpi.jpg" alt="" class="wp-image-44" srcset="http://www.pohjolanpiha.fi/wp-content/uploads/2025/06/Virpi.jpg 465w, http://www.pohjolanpiha.fi/wp-content/uploads/2025/06/Virpi-300x255.jpg 300w, http://www.pohjolanpiha.fi/wp-content/uploads/2025/06/Virpi-70x60.jpg 70w" sizes="auto, (max-width: 465px) 100vw, 465px" /></figure>



<p>Puhelin: 0405816616</p>



<p>S-posti: virpi@pohjolanpiha.fi</p>



<p></p>

<p>Olen toisen polven puutarhasuunnittelija. Isoisäni perusti taimitarhan Keski-Suomeen 1900-luvun alussa ja siitä kasvoi yksi maamme suurimpia taimistoja, jota johdetaan jo kolmannessa polvessa. Oma isäni työskenteli läheisesti veljensä taimiston parissa, möi taimia ja suunnitteli lukemattomia pihoja. Olen kasvanut perheyrityksessä, jossa yhdessä istutimme taimia, möimme niitä, hoidin nuorena jopa puutarhamyymälää ja luonnollisesti olin kuulolla lukemattomia kertoja, kun &hellip; </p>
